ainder when h is divided by 12.
10
Let h = 0 + 4. Suppose -h = -t + 9. Calculate the remainder when 38 is divided by t.
12
Suppose -3*c - 4*l + 87 + 49 = 0, -3*l + 92 = 2*c. What is the remainder when c is divided by 21?
19
Let k(a) = -3*a**3 + 12*a**2 + 8*a - 3. Let d(j) = j**3 - 6*j**2 - 4*j + 1. Let o(f) = 5*d(f) + 2*k(f). What is the remainder when 91 is divided by o(-6)?
22
Suppose 0 = -4*k + 8*k - 88. Calculate the remainder when 64 is divided by k.
20
Let x(n) = -2*n - 7. Let p be x(-3). What is the remainder when (4/12)/(p/(-147)) is divided by 13?
10
Let w be (-8*1)/(2/(-8)). Let j = w + 5. Calculate the remainder when j is divided by 13.
11
Let b = 243 - 174. What is the remainder when b is divided by 18?
15
Suppose 3*d + 5*s + 217 = 5*d, 4*s = -d + 141. Suppose 5*h = -d - 109. Let k = -18 - h. What is the remainder when k is divided by 15?
13
Suppose 13 = 2*f + 1. Let l = 4 + -2. What is the remainder when f is divided by l?
0
Let x = 18 + -16. Suppose k + 0*k + x*m = 88, -5*k + m + 429 = 0. What is the remainder when k is divided by 22?
20
Let m(s) = -s**2 - 14*s + 59. What is the remainder when 21 is divided by m(-17)?
5
Suppose 3*y + 1120 = 8*y. Calculate the remainder when y is divided by 45.
44
Suppose -4*l - 5*g = 5, 4*g + 20 = -0*g. What is the remainder when l is divided by 3?
2
Let f(h) = h + 2. Let q(o) = 7*o**2 - o. Let t be q(1). Let k = -3 + t. Calculate the remainder when f(8) is divided by k.
1
Suppose 5*a + 4 + 11 = 0, -5 = -2*m - 3*a. What is the remainder when 17 is divided by m?
3
Let b(f) = 15*f**3 + f + 2. Let l(v) = v**3 + v**2 - v - 1. Let k(r) = b(r) + 2*l(r). Calculate the remainder when k(1) is divided by 11.
7
Suppose 5*l = -3*s + 220, -4*s - 79 = -2*l + 35. Suppose -2*p = -5*x + 90, 4*x - 2*p + 6 = 5*x. What is the remainder when l is divided by x?
15
What is the remainder when 46 is divided by (42/35)/((-1)/(-20))?
22
Suppose 3*s - 5*j - 14 = 19, 55 = 5*s - j. Suppose -4*g = -5*c - 15, 0*g + 20 = 4*g - 4*c. What is the remainder when s is divided by (-2*3)/((-15)/g)?
3
Let d(n) = -n**3 + 2*n**2 + n**2 - 1 - 2*n**2 - 4*n**2. What is the remainder when 27 is divided by d(-4)?
12
What is the remainder when 55 is divided by (-22)/(-55) + (-136)/(-10)?
13
Let f(x) be the third derivative of -x**2 - 1/12*x**4 + 0 + 0*x + 1/6*x**3. Calculate the remainder when 30 is divided by f(-5).
8
Let p(q) = q**2 - 6*q + 1. Suppose -b + 5*v + 16 = -15, -2*b - 2*v = -2. Let t be p(b). Calculate the remainder when (-21)/2*(-2)/t is divided by 8.
5
Suppose -3*c - 2*f + 310 = 0, -4*c - 7*f + 412 = -3*f. Calculate the remainder when c is divided by 35.
34
Let l(k) = -k + 8. What is the remainder when 50 is divided by l(-6)?
8
Suppose 2*z + 28 = a + 8, 0 = -4*a + 2*z + 50. Calculate the remainder when 27 is divided by a.
7
Let d(x) = -x**2 + 7. Suppose 0 = -5*t - 0*t. Calculate the remainder when d(t) is divided by 3.
1
Let c(k) = -5*k + 12. Let x(j) = -j + 3. Let t(y) = -2*c(y) + 9*x(y). Calculate the remainder when t(6) is divided by 5.
4
Suppose -5*n + 2*a = -16, 2*n = -0*a - 2*a + 12. Suppose -4*t + 68 = 4*z, 2*t - 34 = 2*z - n. Let k = 29 - -1. Calculate the remainder when k is divided by t.
14
Let g(q) = -2*q - 7. Let i be g(-5). Calculate the remainder when 4/18 - 97/(-9) is divided by (6/7)/(i/14).
3
Suppose 3*p - i - 40 - 89 = 0, 6 = -2*i. Calculate the remainder when p is divided by 22.
20
Let m = -20 + 48. What is the remainder when 82 is divided by m?
26
Suppose 4*y - 2*g = 86, -3*g + 42 = 3*y - 0*g. What is the remainder when y is divided by 11?
8
Let j be (-1 - 86)*4/(-12). Suppose 0 = i - 91 + j. Calculate the remainder when i is divided by 16.
14
Let y be ((-2)/6)/((-3)/(-9)). Let p = 3 + y. Calculate the remainder when p/(-5)*20*-2 is divided by 9.
7
Calculate the remainder when 57 is divided by 4 - (34 - 1)/(-3).
12
Let h = 178 - 109. What is the remainder when h is divided by 14?
13
Suppose 2*g + 3*u = -2*u + 59, -2*u = 2. Suppose 2*z - r - 28 = 0, -4*z = -z + r - g. Calculate the remainder when z is divided by 7.
5
What is the remainder when (-3430)/(-28) + 2/4 is divided by 25?
23
What is the remainder when 33 is divided by 3 - (-3 + 1 - 2)?
5
Let t(d) = -17*d - 2. Let h be t(-1). What is the remainder when 10 is divided by (-22)/(-5) - 6/h?
2
Suppose -50 - 466 = -4*k. What is the remainder when k is divided by 26?
25
Suppose 36*v - 31*v = 135. Let s(j) = -j**3 - 7*j**2 - 6*j - 1. Let k be s(-6). Calculate the remainder when v is divided by 10 - 2 - k/(-1).
6
Let z = 4 + 2. Let f(h) = h**3 - 7*h**2 + 8*h + 5. Calculate the remainder when 33 is divided by f(z).
16
Let y = 5 - 0. Suppose y*x = -0*x + 30. Suppose f + 3*d - 3 = 12, -3*d + 27 = 5*f. What is the remainder when x is divided by f?
0
Let o(c) = -c**3 - c**2 + 13. Let h(b) = -20*b - 2. Calculate the remainder when h(-2) is divided by o(0).
12
Suppose 0 = z - 2 + 1, 3*h = -2*z + 23. Let r(s) = -s**2 + 7*s - 2. Let l be r(6). Suppose -l*y + 35 = h. What is the remainder when y is divided by 4?
3
Let u(f) = f**2 + f + 1. Let x be u(-2). Suppose x*t - 110 = -2*t. What is the remainder when t is divided by 8?
6
Let k(a) = -9*a + 5. Let r be k(3). Let n = r - -36. What is the remainder when 41 is divided by n?
13
Suppose 66 = -i + 80. Let w = -95 + 15. Let z = w - -120. What is the remainder when z is divided by i?
12
Let y = -78 + 92. Calculate the remainder when 51 is divided by y.
9
Suppose -3*s = 4*a - 22, -4*a + 2 + 14 = 0. Let q = 22 + s. Suppose 4*k = -k - y + 64, -3*k + q = -3*y. What is the remainder when k is divided by 7?
5
Let q(u) = u**3 + 2*u**2 - 2*u + 3. Let r be q(-3). Let t = 4 - r. Suppose -2 = -3*y + t. What is the remainder when 2 is divided by y?
0
Suppose -4*i = 2*j - 15 - 31, 0 = -2*j + 2*i + 40. Suppose r + 7 = j. What is the remainder when 25 is divided by r?
11
Let v(j) = 2*j - 5. Let w be v(-18). Let x = -10 - w. What is the remainder when x is divided by 11?
9
Suppose -1 + 3 = t. Suppose 0 = -t*z + z + 20. Suppose 4*u + 23 = 5*i, -4*i + u = -13 - 12. What is the remainder when z is divided by i?
6
Let o be (-1002)/14 - 6/14. Let n = 146 + o. Let k = n - 36. Calculate the remainder when k is divided by 13.
12
Let q = 4 - -3. Let r = q + -3. Calculate the remainder when r is divided by 1 - 2 - (-1)/((-3)/(-9)).
0
Suppose 0 = g - 3. Let v = 0 + g. Let p = 7 - v. Calculate the remainder when 11 is divided by p.
3
Suppose -2*a + 50 = -0*a + 4*x, 4*x = 3*a - 45. What is the remainder when a is divided by 10?
9
Let m(z) = -3*z**2 - 2*z + 5. Let p be (-11)/(-3) + (-3)/(-9). Let g be m(p). Let j = -25 - g. What is the remainder when j is divided by 9?
8
Let c(w) = 11*w**3 - w**2 + w - 1. Let a = 12 - 11. What is the remainder when 27 is divided by c(a)?
7
Suppose -1 = 4*q - 29. Suppose 2*d - 19 = -9. What is the remainder when q is divided by d?
2
Suppose 0 = 5*r + 6*r - 187. Calculate the remainder when 100 is divided by r.
15
Suppose -t + 3 = 7. Calculate the remainder when 26 is divided by 1 + 2 + t + 10.
8
Let q = 19 + -19. Suppose q = w + 2*u - 17, -29 = -2*w - 4*u + u. What is the remainder when 18 is divided by w?
4
Suppose -q = -3*q + 4. Suppose 5*d - 161 = -4*j + q*d, -50 = -j - 4*d. What is the remainder when j is divided by (8/(-24))/(2/(-78))?
12
Suppose -4*s - 7*c + 2*c + 41 = 0, 2*s - 5*c = -17. Suppose -3*j - 24 = -s*j. Calculate the remainder when j is divided by (-4 - -3)*(1 - 14).
11
Let u(f) = 40*f + 6. What is the remainder when u(4) is divided by 21?
19
Suppose 3*s - 3*t = 39, -s + 3*t + 21 = s. What is the remainder when 48 is divided by s?
12
Suppose -5*d + 114 = 4. What is the remainder when 64 is divided by d?
20
Let k = -21 + 38. Suppose 6*x - x - 160 = -5*q, 2*x - 61 = -5*q. What is the remainder when x is divided by k?
16
Suppose 2*c - 14 - 16 = 0. Calculate the remainder when (-290)/c*3*-1 is divided by 15.
13
Calculate the remainder when -42*(-2 + 5 - 39/9) is divided by 19.
18
Suppose i - 37 - 10 = 0. What is the remainder when i is divided by 12?
11
Suppose -3*x - 120 = -4*z + 2*x, 2*x = -4*z + 120. Suppose 2*y = -y + z. Calculate the remainder when 19 is divided by y.
9
Let q be 2 + -1 - 2/(-2). Let h = q + -1. Calculate the remainder when 9 is divided by (-15)/(-3)*1/h.
4
Suppose a + 9 = 23. Let x(t